{"id":4233,"date":"2023-06-16T07:32:55","date_gmt":"2023-06-16T06:32:55","guid":{"rendered":"https:\/\/zdralinjastrebac.rs\/?page_id=4233"},"modified":"2024-06-24T17:11:39","modified_gmt":"2024-06-24T16:11:39","slug":"cforce-x4-450l","status":"publish","type":"page","link":"https:\/\/zdralinjastrebac.rs\/index.php\/cforce-x4-450l\/","title":{"rendered":"CFORCE X4 450L"},"content":{"rendered":"\t\t<div data-elementor-type=\"wp-page\" data-elementor-id=\"4233\" class=\"elementor elementor-4233\" data-elementor-post-type=\"page\">\n\t\t\t\t\t\t<section class=\"elementor-section elementor-top-section elementor-element elementor-element-c2c6b54 elementor-section-boxed elementor-section-height-default elementor-section-height-default\" data-id=\"c2c6b54\" data-element_type=\"section\" data-e-type=\"section\">\n\t\t\t\t\t\t<div class=\"elementor-container elementor-column-gap-default\">\n\t\t\t\t\t<div class=\"elementor-column elementor-col-100 elementor-top-column elementor-element elementor-element-ab7fde6\" data-id=\"ab7fde6\" data-element_type=\"column\" data-e-type=\"column\">\n\t\t\t<div class=\"elementor-widget-wrap elementor-element-populated\">\n\t\t\t\t\t\t<div class=\"elementor-element elementor-element-c402c15 elementor-widget elementor-widget-image\" data-id=\"c402c15\" data-element_type=\"widget\" data-e-type=\"widget\" data-widget_type=\"image.default\">\n\t\t\t\t<div class=\"elementor-widget-container\">\n\t\t\t\t\t\t\t\t\t\t\t\t\t\t\t<img fetchpriority=\"high\" decoding=\"async\" width=\"800\" height=\"600\" src=\"https:\/\/zdralinjastrebac.rs\/wp-content\/uploads\/2024\/06\/20230922_121100_IMG_7603-1024x768.jpg\" class=\"attachment-large size-large wp-image-4924\" alt=\"\" srcset=\"https:\/\/zdralinjastrebac.rs\/wp-content\/uploads\/2024\/06\/20230922_121100_IMG_7603-1024x768.jpg 1024w, https:\/\/zdralinjastrebac.rs\/wp-content\/uploads\/2024\/06\/20230922_121100_IMG_7603-300x225.jpg 300w, https:\/\/zdralinjastrebac.rs\/wp-content\/uploads\/2024\/06\/20230922_121100_IMG_7603-768x576.jpg 768w, https:\/\/zdralinjastrebac.rs\/wp-content\/uploads\/2024\/06\/20230922_121100_IMG_7603-1536x1152.jpg 1536w, https:\/\/zdralinjastrebac.rs\/wp-content\/uploads\/2024\/06\/20230922_121100_IMG_7603-2048x1536.jpg 2048w, https:\/\/zdralinjastrebac.rs\/wp-content\/uploads\/2024\/06\/20230922_121100_IMG_7603-600x450.jpg 600w\" sizes=\"(max-width: 800px) 100vw, 800px\" \/>\t\t\t\t\t\t\t\t\t\t\t\t\t\t\t<\/div>\n\t\t\t\t<\/div>\n\t\t\t\t\t<\/div>\n\t\t<\/div>\n\t\t\t\t\t<\/div>\n\t\t<\/section>\n\t\t\t\t<section class=\"elementor-section elementor-top-section elementor-element elementor-element-b18072a elementor-section-boxed elementor-section-height-default elementor-section-height-default\" data-id=\"b18072a\" data-element_type=\"section\" data-e-type=\"section\">\n\t\t\t\t\t\t<div class=\"elementor-container elementor-column-gap-default\">\n\t\t\t\t\t<div class=\"elementor-column elementor-col-100 elementor-top-column elementor-element elementor-element-471bde4\" data-id=\"471bde4\" data-element_type=\"column\" data-e-type=\"column\">\n\t\t\t<div class=\"elementor-widget-wrap elementor-element-populated\">\n\t\t\t\t\t\t<div class=\"elementor-element elementor-element-7db96b4 elementor-widget elementor-widget-text-editor\" data-id=\"7db96b4\" data-element_type=\"widget\" data-e-type=\"widget\" data-widget_type=\"text-editor.default\">\n\t\t\t\t<div class=\"elementor-widget-container\">\n\t\t\t\t\t\t\t\t\t<div class=\"vc_row wpb_row vc_row-fluid\">\n<div class=\"wpb_column vc_column_container vc_col-sm-12\">\n<div class=\"vc_column-inner\">\n<div class=\"wpb_wrapper\">\n<div class=\"wpb_text_column wpb_content_element \">\n<div class=\"wpb_wrapper\">\n<p>Kompaktno, \u010dvrsto i sigurno vozilo&nbsp;<strong>CFORCE X4<\/strong>&nbsp;koje u sebi nosi \u010distokrvni DNK porodice&nbsp;<a href=\"http:\/\/transferputnika.net\/cfmoto\/product-tag\/cforce\/\"><strong>CFMOTO&nbsp;<\/strong><\/a><strong>CFORCE<\/strong>&nbsp;porodice. Pouzdan terenac za rad, ali i za rekreaciju, nudi neprikosnoveni komfor za voza\u010da i njegovog saputnika. Primeren je za iskusne, ali i za manje iskusne adrenalinske zavisnike.<\/p>\n<\/div>\n<\/div>\n<\/div>\n<\/div>\n<\/div>\n<\/div>\n<div class=\"vc_row wpb_row vc_row-fluid\">\n<div class=\"wpb_column vc_column_container vc_col-sm-8\">\n<div class=\"vc_column-inner\">\n<div class=\"wpb_wrapper\">\n<div class=\"wpb_text_column wpb_content_element \">\n<div class=\"wpb_wrapper\">\n<p><strong><em>STANDARDNA OPREMA:<\/em><\/strong>&nbsp;4\u00d72\/4\u00d74, zaklju\u010d. prednjeg diferencijala, aluminijumske felne, 3,5\u2033 LCD kontrolna tabla, dvodelno sedi\u0161te, naslon i rukohvati za suvoza\u010da, 12V uti\u010dnica, USB uti\u010dnica, elektri\u010dno vitlo, kuka za prikolicu sa el. priklju\u010dkom za signalizaciju, dnevna LED svetla, zadnja LED svetla, retrovizori, \u0161titnici ruku, prednji i zadnji metalni nosa\u010d za teret<\/p>\n<\/div>\n<\/div>\n<\/div>\n<\/div>\n<\/div>\n<\/div>\t\t\t\t\t\t\t\t<\/div>\n\t\t\t\t<\/div>\n\t\t\t\t\t<\/div>\n\t\t<\/div>\n\t\t\t\t\t<\/div>\n\t\t<\/section>\n\t\t\t\t<section class=\"elementor-section elementor-top-section elementor-element elementor-element-3351eed elementor-section-boxed elementor-section-height-default elementor-section-height-default\" data-id=\"3351eed\" data-element_type=\"section\" data-e-type=\"section\">\n\t\t\t\t\t\t<div class=\"elementor-container elementor-column-gap-default\">\n\t\t\t\t\t<div class=\"elementor-column elementor-col-100 elementor-top-column elementor-element elementor-element-2315086\" data-id=\"2315086\" data-element_type=\"column\" data-e-type=\"column\">\n\t\t\t<div class=\"elementor-widget-wrap elementor-element-populated\">\n\t\t\t\t\t\t<div class=\"elementor-element elementor-element-259fa41 elementor-widget elementor-widget-image-gallery\" data-id=\"259fa41\" data-element_type=\"widget\" data-e-type=\"widget\" data-widget_type=\"image-gallery.default\">\n\t\t\t\t<div class=\"elementor-widget-container\">\n\t\t\t\t\t\t\t<div class=\"elementor-image-gallery\">\n\t\t\t\n\t\t<style type=\"text\/css\">\n\t\t\t#gallery-1 {\n\t\t\t\tmargin: auto;\n\t\t\t}\n\t\t\t#gallery-1 .gallery-item {\n\t\t\t\tfloat: left;\n\t\t\t\tmargin-top: 10px;\n\t\t\t\ttext-align: center;\n\t\t\t\twidth: 33%;\n\t\t\t}\n\t\t\t#gallery-1 img {\n\t\t\t\tborder: 2px solid #cfcfcf;\n\t\t\t}\n\t\t\t#gallery-1 .gallery-caption {\n\t\t\t\tmargin-left: 0;\n\t\t\t}\n\t\t\t\/* see gallery_shortcode() in wp-includes\/media.php *\/\n\t\t<\/style>\n\t\t<div id='gallery-1' class='gallery galleryid-4233 gallery-columns-3 gallery-size-full'><dl class='gallery-item'>\n\t\t\t<dt class='gallery-icon portrait'>\n\t\t\t\t<a data-elementor-open-lightbox=\"yes\" data-elementor-lightbox-slideshow=\"259fa41\" data-elementor-lightbox-title=\"20230723_183854_IMG_6720\" data-e-action-hash=\"#elementor-action%3Aaction%3Dlightbox%26settings%3DeyJpZCI6NDkxNywidXJsIjoiaHR0cHM6XC9cL3pkcmFsaW5qYXN0cmViYWMucnNcL3dwLWNvbnRlbnRcL3VwbG9hZHNcLzIwMjRcLzA2XC8yMDIzMDcyM18xODM4NTRfSU1HXzY3MjAtc2NhbGVkLmpwZyIsInNsaWRlc2hvdyI6IjI1OWZhNDEifQ%3D%3D\" href='https:\/\/zdralinjastrebac.rs\/wp-content\/uploads\/2024\/06\/20230723_183854_IMG_6720-scaled.jpg'><img decoding=\"async\" width=\"1920\" height=\"2560\" src=\"https:\/\/zdralinjastrebac.rs\/wp-content\/uploads\/2024\/06\/20230723_183854_IMG_6720-scaled.jpg\" class=\"attachment-full size-full\" alt=\"\" srcset=\"https:\/\/zdralinjastrebac.rs\/wp-content\/uploads\/2024\/06\/20230723_183854_IMG_6720-scaled.jpg 1920w, https:\/\/zdralinjastrebac.rs\/wp-content\/uploads\/2024\/06\/20230723_183854_IMG_6720-225x300.jpg 225w, https:\/\/zdralinjastrebac.rs\/wp-content\/uploads\/2024\/06\/20230723_183854_IMG_6720-768x1024.jpg 768w, https:\/\/zdralinjastrebac.rs\/wp-content\/uploads\/2024\/06\/20230723_183854_IMG_6720-1152x1536.jpg 1152w, https:\/\/zdralinjastrebac.rs\/wp-content\/uploads\/2024\/06\/20230723_183854_IMG_6720-1536x2048.jpg 1536w, https:\/\/zdralinjastrebac.rs\/wp-content\/uploads\/2024\/06\/20230723_183854_IMG_6720-600x800.jpg 600w\" sizes=\"(max-width: 1920px) 100vw, 1920px\" \/><\/a>\n\t\t\t<\/dt><\/dl><dl class='gallery-item'>\n\t\t\t<dt class='gallery-icon portrait'>\n\t\t\t\t<a data-elementor-open-lightbox=\"yes\" data-elementor-lightbox-slideshow=\"259fa41\" data-elementor-lightbox-title=\"20230723_183841_IMG_6719\" data-e-action-hash=\"#elementor-action%3Aaction%3Dlightbox%26settings%3DeyJpZCI6NDkxNiwidXJsIjoiaHR0cHM6XC9cL3pkcmFsaW5qYXN0cmViYWMucnNcL3dwLWNvbnRlbnRcL3VwbG9hZHNcLzIwMjRcLzA2XC8yMDIzMDcyM18xODM4NDFfSU1HXzY3MTktc2NhbGVkLmpwZyIsInNsaWRlc2hvdyI6IjI1OWZhNDEifQ%3D%3D\" href='https:\/\/zdralinjastrebac.rs\/wp-content\/uploads\/2024\/06\/20230723_183841_IMG_6719-scaled.jpg'><img decoding=\"async\" width=\"1920\" height=\"2560\" src=\"https:\/\/zdralinjastrebac.rs\/wp-content\/uploads\/2024\/06\/20230723_183841_IMG_6719-scaled.jpg\" class=\"attachment-full size-full\" alt=\"\" srcset=\"https:\/\/zdralinjastrebac.rs\/wp-content\/uploads\/2024\/06\/20230723_183841_IMG_6719-scaled.jpg 1920w, https:\/\/zdralinjastrebac.rs\/wp-content\/uploads\/2024\/06\/20230723_183841_IMG_6719-225x300.jpg 225w, https:\/\/zdralinjastrebac.rs\/wp-content\/uploads\/2024\/06\/20230723_183841_IMG_6719-768x1024.jpg 768w, https:\/\/zdralinjastrebac.rs\/wp-content\/uploads\/2024\/06\/20230723_183841_IMG_6719-1152x1536.jpg 1152w, https:\/\/zdralinjastrebac.rs\/wp-content\/uploads\/2024\/06\/20230723_183841_IMG_6719-1536x2048.jpg 1536w, https:\/\/zdralinjastrebac.rs\/wp-content\/uploads\/2024\/06\/20230723_183841_IMG_6719-600x800.jpg 600w\" sizes=\"(max-width: 1920px) 100vw, 1920px\" \/><\/a>\n\t\t\t<\/dt><\/dl><dl class='gallery-item'>\n\t\t\t<dt class='gallery-icon portrait'>\n\t\t\t\t<a data-elementor-open-lightbox=\"yes\" data-elementor-lightbox-slideshow=\"259fa41\" data-elementor-lightbox-title=\"20230723_104941_IMG_6651\" data-e-action-hash=\"#elementor-action%3Aaction%3Dlightbox%26settings%3DeyJpZCI6NDkxMSwidXJsIjoiaHR0cHM6XC9cL3pkcmFsaW5qYXN0cmViYWMucnNcL3dwLWNvbnRlbnRcL3VwbG9hZHNcLzIwMjRcLzA2XC8yMDIzMDcyM18xMDQ5NDFfSU1HXzY2NTEtc2NhbGVkLmpwZyIsInNsaWRlc2hvdyI6IjI1OWZhNDEifQ%3D%3D\" href='https:\/\/zdralinjastrebac.rs\/wp-content\/uploads\/2024\/06\/20230723_104941_IMG_6651-scaled.jpg'><img loading=\"lazy\" decoding=\"async\" width=\"1920\" height=\"2560\" src=\"https:\/\/zdralinjastrebac.rs\/wp-content\/uploads\/2024\/06\/20230723_104941_IMG_6651-scaled.jpg\" class=\"attachment-full size-full\" alt=\"\" srcset=\"https:\/\/zdralinjastrebac.rs\/wp-content\/uploads\/2024\/06\/20230723_104941_IMG_6651-scaled.jpg 1920w, https:\/\/zdralinjastrebac.rs\/wp-content\/uploads\/2024\/06\/20230723_104941_IMG_6651-225x300.jpg 225w, https:\/\/zdralinjastrebac.rs\/wp-content\/uploads\/2024\/06\/20230723_104941_IMG_6651-768x1024.jpg 768w, https:\/\/zdralinjastrebac.rs\/wp-content\/uploads\/2024\/06\/20230723_104941_IMG_6651-1152x1536.jpg 1152w, https:\/\/zdralinjastrebac.rs\/wp-content\/uploads\/2024\/06\/20230723_104941_IMG_6651-1536x2048.jpg 1536w, https:\/\/zdralinjastrebac.rs\/wp-content\/uploads\/2024\/06\/20230723_104941_IMG_6651-600x800.jpg 600w\" sizes=\"(max-width: 1920px) 100vw, 1920px\" \/><\/a>\n\t\t\t<\/dt><\/dl><br style=\"clear: both\" \/><dl class='gallery-item'>\n\t\t\t<dt class='gallery-icon portrait'>\n\t\t\t\t<a data-elementor-open-lightbox=\"yes\" data-elementor-lightbox-slideshow=\"259fa41\" data-elementor-lightbox-title=\"20230728_172700_IMG_6832\" data-e-action-hash=\"#elementor-action%3Aaction%3Dlightbox%26settings%3DeyJpZCI6NDkyMiwidXJsIjoiaHR0cHM6XC9cL3pkcmFsaW5qYXN0cmViYWMucnNcL3dwLWNvbnRlbnRcL3VwbG9hZHNcLzIwMjRcLzA2XC8yMDIzMDcyOF8xNzI3MDBfSU1HXzY4MzItc2NhbGVkLmpwZyIsInNsaWRlc2hvdyI6IjI1OWZhNDEifQ%3D%3D\" href='https:\/\/zdralinjastrebac.rs\/wp-content\/uploads\/2024\/06\/20230728_172700_IMG_6832-scaled.jpg'><img loading=\"lazy\" decoding=\"async\" width=\"1920\" height=\"2560\" src=\"https:\/\/zdralinjastrebac.rs\/wp-content\/uploads\/2024\/06\/20230728_172700_IMG_6832-scaled.jpg\" class=\"attachment-full size-full\" alt=\"\" srcset=\"https:\/\/zdralinjastrebac.rs\/wp-content\/uploads\/2024\/06\/20230728_172700_IMG_6832-scaled.jpg 1920w, https:\/\/zdralinjastrebac.rs\/wp-content\/uploads\/2024\/06\/20230728_172700_IMG_6832-225x300.jpg 225w, https:\/\/zdralinjastrebac.rs\/wp-content\/uploads\/2024\/06\/20230728_172700_IMG_6832-768x1024.jpg 768w, https:\/\/zdralinjastrebac.rs\/wp-content\/uploads\/2024\/06\/20230728_172700_IMG_6832-1152x1536.jpg 1152w, https:\/\/zdralinjastrebac.rs\/wp-content\/uploads\/2024\/06\/20230728_172700_IMG_6832-1536x2048.jpg 1536w, https:\/\/zdralinjastrebac.rs\/wp-content\/uploads\/2024\/06\/20230728_172700_IMG_6832-600x800.jpg 600w\" sizes=\"(max-width: 1920px) 100vw, 1920px\" \/><\/a>\n\t\t\t<\/dt><\/dl><dl class='gallery-item'>\n\t\t\t<dt class='gallery-icon portrait'>\n\t\t\t\t<a data-elementor-open-lightbox=\"yes\" data-elementor-lightbox-slideshow=\"259fa41\" data-elementor-lightbox-title=\"20230727_173550_IMG_6799\" data-e-action-hash=\"#elementor-action%3Aaction%3Dlightbox%26settings%3DeyJpZCI6NDg0MywidXJsIjoiaHR0cHM6XC9cL3pkcmFsaW5qYXN0cmViYWMucnNcL3dwLWNvbnRlbnRcL3VwbG9hZHNcLzIwMjRcLzA2XC8yMDIzMDcyN18xNzM1NTBfSU1HXzY3OTktMS1zY2FsZWQuanBnIiwic2xpZGVzaG93IjoiMjU5ZmE0MSJ9\" href='https:\/\/zdralinjastrebac.rs\/wp-content\/uploads\/2024\/06\/20230727_173550_IMG_6799-1-scaled.jpg'><img loading=\"lazy\" decoding=\"async\" width=\"1920\" height=\"2560\" src=\"https:\/\/zdralinjastrebac.rs\/wp-content\/uploads\/2024\/06\/20230727_173550_IMG_6799-1-scaled.jpg\" class=\"attachment-full size-full\" alt=\"\" srcset=\"https:\/\/zdralinjastrebac.rs\/wp-content\/uploads\/2024\/06\/20230727_173550_IMG_6799-1-scaled.jpg 1920w, https:\/\/zdralinjastrebac.rs\/wp-content\/uploads\/2024\/06\/20230727_173550_IMG_6799-1-225x300.jpg 225w, https:\/\/zdralinjastrebac.rs\/wp-content\/uploads\/2024\/06\/20230727_173550_IMG_6799-1-768x1024.jpg 768w, https:\/\/zdralinjastrebac.rs\/wp-content\/uploads\/2024\/06\/20230727_173550_IMG_6799-1-1152x1536.jpg 1152w, https:\/\/zdralinjastrebac.rs\/wp-content\/uploads\/2024\/06\/20230727_173550_IMG_6799-1-1536x2048.jpg 1536w, https:\/\/zdralinjastrebac.rs\/wp-content\/uploads\/2024\/06\/20230727_173550_IMG_6799-1-600x800.jpg 600w\" sizes=\"(max-width: 1920px) 100vw, 1920px\" \/><\/a>\n\t\t\t<\/dt><\/dl><dl class='gallery-item'>\n\t\t\t<dt class='gallery-icon landscape'>\n\t\t\t\t<a data-elementor-open-lightbox=\"yes\" data-elementor-lightbox-slideshow=\"259fa41\" data-elementor-lightbox-title=\"20230723_183758_IMG_6718\" data-e-action-hash=\"#elementor-action%3Aaction%3Dlightbox%26settings%3DeyJpZCI6NDkxNSwidXJsIjoiaHR0cHM6XC9cL3pkcmFsaW5qYXN0cmViYWMucnNcL3dwLWNvbnRlbnRcL3VwbG9hZHNcLzIwMjRcLzA2XC8yMDIzMDcyM18xODM3NThfSU1HXzY3MTgtc2NhbGVkLmpwZyIsInNsaWRlc2hvdyI6IjI1OWZhNDEifQ%3D%3D\" href='https:\/\/zdralinjastrebac.rs\/wp-content\/uploads\/2024\/06\/20230723_183758_IMG_6718-scaled.jpg'><img loading=\"lazy\" decoding=\"async\" width=\"2560\" height=\"1920\" src=\"https:\/\/zdralinjastrebac.rs\/wp-content\/uploads\/2024\/06\/20230723_183758_IMG_6718-scaled.jpg\" class=\"attachment-full size-full\" alt=\"\" srcset=\"https:\/\/zdralinjastrebac.rs\/wp-content\/uploads\/2024\/06\/20230723_183758_IMG_6718-scaled.jpg 2560w, https:\/\/zdralinjastrebac.rs\/wp-content\/uploads\/2024\/06\/20230723_183758_IMG_6718-300x225.jpg 300w, https:\/\/zdralinjastrebac.rs\/wp-content\/uploads\/2024\/06\/20230723_183758_IMG_6718-1024x768.jpg 1024w, https:\/\/zdralinjastrebac.rs\/wp-content\/uploads\/2024\/06\/20230723_183758_IMG_6718-768x576.jpg 768w, https:\/\/zdralinjastrebac.rs\/wp-content\/uploads\/2024\/06\/20230723_183758_IMG_6718-1536x1152.jpg 1536w, https:\/\/zdralinjastrebac.rs\/wp-content\/uploads\/2024\/06\/20230723_183758_IMG_6718-2048x1536.jpg 2048w, https:\/\/zdralinjastrebac.rs\/wp-content\/uploads\/2024\/06\/20230723_183758_IMG_6718-600x450.jpg 600w\" sizes=\"(max-width: 2560px) 100vw, 2560px\" \/><\/a>\n\t\t\t<\/dt><\/dl><br style=\"clear: both\" \/>\n\t\t<\/div>\n\t\t<\/div>\n\t\t\t\t\t\t<\/div>\n\t\t\t\t<\/div>\n\t\t\t\t\t<\/div>\n\t\t<\/div>\n\t\t\t\t\t<\/div>\n\t\t<\/section>\n\t\t\t\t<\/div>\n\t\t","protected":false},"excerpt":{"rendered":"<p>Kompaktno, \u010dvrsto i sigurno vozilo&nbsp;CFORCE X4&nbsp;koje u sebi nosi \u010distokrvni DNK porodice&nbsp;CFMOTO&nbsp;CFORCE&nbsp;porodice. Pouzdan terenac za rad, ali i za rekreaciju, nudi neprikosnoveni komfor za voza\u010da i njegovog saputnika. Primeren je za iskusne, ali i za manje iskusne adrenalinske zavisnike. STANDARDNA OPREMA:&nbsp;4\u00d72\/4\u00d74, zaklju\u010d. prednjeg diferencijala, aluminijumske felne, 3,5\u2033 LCD kontrolna tabla, dvodelno sedi\u0161te, naslon i rukohvati [&hellip;]<\/p>\n","protected":false},"author":1,"featured_media":4470,"parent":0,"menu_order":0,"comment_status":"closed","ping_status":"closed","template":"","meta":{"footnotes":""},"class_list":["post-4233","page","type-page","status-publish","has-post-thumbnail","hentry"],"_links":{"self":[{"href":"https:\/\/zdralinjastrebac.rs\/index.php\/wp-json\/wp\/v2\/pages\/4233","targetHints":{"allow":["GET"]}}],"collection":[{"href":"https:\/\/zdralinjastrebac.rs\/index.php\/wp-json\/wp\/v2\/pages"}],"about":[{"href":"https:\/\/zdralinjastrebac.rs\/index.php\/wp-json\/wp\/v2\/types\/page"}],"author":[{"embeddable":true,"href":"https:\/\/zdralinjastrebac.rs\/index.php\/wp-json\/wp\/v2\/users\/1"}],"replies":[{"embeddable":true,"href":"https:\/\/zdralinjastrebac.rs\/index.php\/wp-json\/wp\/v2\/comments?post=4233"}],"version-history":[{"count":23,"href":"https:\/\/zdralinjastrebac.rs\/index.php\/wp-json\/wp\/v2\/pages\/4233\/revisions"}],"predecessor-version":[{"id":4971,"href":"https:\/\/zdralinjastrebac.rs\/index.php\/wp-json\/wp\/v2\/pages\/4233\/revisions\/4971"}],"wp:featuredmedia":[{"embeddable":true,"href":"https:\/\/zdralinjastrebac.rs\/index.php\/wp-json\/wp\/v2\/media\/4470"}],"wp:attachment":[{"href":"https:\/\/zdralinjastrebac.rs\/index.php\/wp-json\/wp\/v2\/media?parent=4233"}],"curies":[{"name":"wp","href":"https:\/\/api.w.org\/{rel}","templated":true}]}}