{"id":4210,"date":"2023-06-16T07:10:24","date_gmt":"2023-06-16T06:10:24","guid":{"rendered":"https:\/\/zdralinjastrebac.rs\/?page_id=4210"},"modified":"2023-06-16T07:10:28","modified_gmt":"2023-06-16T06:10:28","slug":"saveti-za-bezbednost","status":"publish","type":"page","link":"https:\/\/zdralinjastrebac.rs\/index.php\/saveti-za-bezbednost\/","title":{"rendered":"Saveti za bezbednost"},"content":{"rendered":"\n<p>Dobrodo\u0161li na stranicu posve\u0107enu bezbednosti prilikom vo\u017enje kvadova na planini Jastrebac! Va\u0161a bezbednost nam je izuzetno va\u017ena, stoga smo pripremili sveobuhvatne savete kako biste u\u017eivali u vo\u017enji kvadova na siguran na\u010din.<\/p>\n\n\n\n<p>Vo\u017enja kvadova mo\u017ee biti izuzetno uzbudljiva avantura, ali istovremeno nosi i odre\u0111eni nivo rizika. Uvek je va\u017eno preduzeti mere predostro\u017enosti kako biste obezbedili svoju bezbednost i bezbednost drugih. Evo nekoliko klju\u010dnih saveta koje treba imati na umu prilikom vo\u017enje kvadova na planini Jastrebac:<\/p>\n\n\n\n<ol class=\"wp-block-list\">\n<li>Pre vo\u017enje, obavezno se upoznajte s pravilima vo\u017enje i zakonima koji se odnose na kvadove na planini Jastrebac. Obezbedite da imate odgovaraju\u0107u dozvolu za vo\u017enju kvadova i pridr\u017eavajte se svih propisa.<\/li>\n\n\n\n<li>Pre nego \u0161to sednete na kvad, obavezno proverite tehni\u010dko stanje vozila. Uverite se da su ko\u010dnice, svetla, gume i ostali delovi u ispravnom stanju. Redovno odr\u017eavanje kvada je klju\u010dno za sigurnu vo\u017enju.<\/li>\n\n\n\n<li>Uvek nosite za\u0161titnu opremu. To uklju\u010duje kacigu, za\u0161titne nao\u010dare, rukavice, \u010dvrstu ode\u0107u i obu\u0107u. Ova oprema \u0107e vam pru\u017eiti za\u0161titu od povreda i nezgoda.<\/li>\n\n\n\n<li>Pre vo\u017enje, upoznajte se s terenom na planini Jastrebac. Razli\u010diti delovi planine mogu imati razli\u010dite uslove vo\u017enje. Imajte na umu da su strmiji delovi ili neravni tereni izazovniji za vo\u017enju. Prilagodite brzinu i na\u010din vo\u017enje uslovima terena.<\/li>\n\n\n\n<li>Dr\u017eite odgovaraju\u0107e rastojanje izme\u0111u kvadova, posebno tokom vo\u017enje u grupi. Ovo \u0107e vam pru\u017eiti dovoljno vremena za reakciju u slu\u010daju neo\u010dekivanih situacija.<\/li>\n\n\n\n<li>Budite svesni okoline i po\u0161tujte prirodu. Vo\u017enja kvadova na Jastrepcu podrazumeva vo\u017enju kroz prirodno okru\u017eenje. Dr\u017eite se samo ozna\u010denih staza i po\u0161tujte lokalne propise i pravila. Ne ostavljajte sme\u0107e iza sebe i budite pa\u017eljivi prema biljnom i \u017eivotinjskom svetu.<\/li>\n\n\n\n<li>Ukoliko niste iskusni voza\u010d kvadova, preporu\u010duje se da pratite obuku ili uzmete \u010dasove vo\u017enje. Ovo \u0107e vam pomo\u0107i da steknete ve\u0161tinu i poverenje u vo\u017enji kvadova.<\/li>\n\n\n\n<li>Uvek informi\u0161ite nekoga o svojim planovima vo\u017enje. Obavestite bliske osobe o va\u0161oj lokaciji, rutama koje planirate da vozite i o\u010dekivanoj du\u017eini vo\u017enje. Ovo \u0107e omogu\u0107iti brzu reakciju u slu\u010daju da ne\u0161to po\u0111e po zlu.<\/li>\n<\/ol>\n\n\n\n<p>Ovi saveti vam poma\u017eu da u\u017eivate u sigurnoj i nezaboravnoj vo\u017enji kvadova na planini Jastrebac. Bezbednost je na prvom mestu, stoga ne zaboravite da preduzmete sve potrebne mere opreza pre vo\u017enje.<\/p>\n","protected":false},"excerpt":{"rendered":"<p>Dobrodo\u0161li na stranicu posve\u0107enu bezbednosti prilikom vo\u017enje kvadova na planini Jastrebac! Va\u0161a bezbednost nam je izuzetno va\u017ena, stoga smo pripremili sveobuhvatne savete kako biste u\u017eivali u vo\u017enji kvadova na siguran na\u010din. Vo\u017enja kvadova mo\u017ee biti izuzetno uzbudljiva avantura, ali istovremeno nosi i odre\u0111eni nivo rizika. Uvek je va\u017eno preduzeti mere predostro\u017enosti kako biste obezbedili svoju [&hellip;]<\/p>\n","protected":false},"author":1,"featured_media":0,"parent":0,"menu_order":0,"comment_status":"closed","ping_status":"closed","template":"","meta":{"footnotes":""},"class_list":["post-4210","page","type-page","status-publish","hentry"],"_links":{"self":[{"href":"https:\/\/zdralinjastrebac.rs\/index.php\/wp-json\/wp\/v2\/pages\/4210","targetHints":{"allow":["GET"]}}],"collection":[{"href":"https:\/\/zdralinjastrebac.rs\/index.php\/wp-json\/wp\/v2\/pages"}],"about":[{"href":"https:\/\/zdralinjastrebac.rs\/index.php\/wp-json\/wp\/v2\/types\/page"}],"author":[{"embeddable":true,"href":"https:\/\/zdralinjastrebac.rs\/index.php\/wp-json\/wp\/v2\/users\/1"}],"replies":[{"embeddable":true,"href":"https:\/\/zdralinjastrebac.rs\/index.php\/wp-json\/wp\/v2\/comments?post=4210"}],"version-history":[{"count":2,"href":"https:\/\/zdralinjastrebac.rs\/index.php\/wp-json\/wp\/v2\/pages\/4210\/revisions"}],"predecessor-version":[{"id":4212,"href":"https:\/\/zdralinjastrebac.rs\/index.php\/wp-json\/wp\/v2\/pages\/4210\/revisions\/4212"}],"wp:attachment":[{"href":"https:\/\/zdralinjastrebac.rs\/index.php\/wp-json\/wp\/v2\/media?parent=4210"}],"curies":[{"name":"wp","href":"https:\/\/api.w.org\/{rel}","templated":true}]}}