{"id":41,"date":"2023-03-14T10:10:04","date_gmt":"2023-03-14T10:10:04","guid":{"rendered":"https:\/\/demo.ovatheme.com\/vedhak\/?page_id=41"},"modified":"2025-06-03T16:08:13","modified_gmt":"2025-06-03T15:08:13","slug":"o-nama","status":"publish","type":"page","link":"https:\/\/zdralinjastrebac.rs\/index.php\/o-nama\/","title":{"rendered":"O Nama"},"content":{"rendered":"\t\t<div data-elementor-type=\"wp-page\" data-elementor-id=\"41\" class=\"elementor elementor-41\" data-elementor-post-type=\"page\">\n\t\t\t\t\t\t<section class=\"elementor-section elementor-top-section elementor-element elementor-element-e0e69ce elementor-section-boxed elementor-section-height-default elementor-section-height-default\" data-id=\"e0e69ce\" data-element_type=\"section\" data-e-type=\"section\">\n\t\t\t\t\t\t<div class=\"elementor-container elementor-column-gap-default\">\n\t\t\t\t\t<div class=\"elementor-column elementor-col-100 elementor-top-column elementor-element elementor-element-5ce4438\" data-id=\"5ce4438\" data-element_type=\"column\" data-e-type=\"column\">\n\t\t\t<div class=\"elementor-widget-wrap elementor-element-populated\">\n\t\t\t\t\t\t<section class=\"elementor-section elementor-inner-section elementor-element elementor-element-1360559 elementor-section-full_width elementor-section-height-default elementor-section-height-default\" data-id=\"1360559\" data-element_type=\"section\" data-e-type=\"section\">\n\t\t\t\t\t\t<div class=\"elementor-container elementor-column-gap-default\">\n\t\t\t\t\t<div class=\"elementor-column elementor-col-50 elementor-inner-column elementor-element elementor-element-60d290a\" data-id=\"60d290a\" data-element_type=\"column\" data-e-type=\"column\">\n\t\t\t<div class=\"elementor-widget-wrap elementor-element-populated\">\n\t\t\t\t\t\t<div class=\"elementor-element elementor-element-349b483 elementor-widget elementor-widget-vedhak_elementor_heading\" data-id=\"349b483\" data-element_type=\"widget\" data-e-type=\"widget\" data-widget_type=\"vedhak_elementor_heading.default\">\n\t\t\t\t<div class=\"elementor-widget-container\">\n\t\t\t\t\t\n\t\t\t<div class=\"ova-heading template1\">\n\n\t\t\t\t\n\t\t\t\t\t<h2 class=\"sub-title\">\n\n\t\t\t\t\t\t01\n\t\t\t\t\t\t\t\t\t\t\t\t\t<span class=\"line-decoration\"><\/span>\n\t\t\t\t\t\t\n\t\t\t\t\t\tO Nama\n\t\t\t\t\t<\/h2>\n\n\t\t\t\t\n\t\t\t\t\n\t\t\t\t\t\n\t\t\t\t\t\t<h3 class=\"title\"><span class=\"title-bold\">ATV \u017ddralin Jastrebac\n\t\t\t\t\t\t<\/span><span class=\"title-normal\">Kvad avanture\n\t\t\t\t\t\tStazama istorije<\/span><\/h3>\n\n\t\t\t\t\t\n\n\t\t\t\t\t\t\t\t\t\n\t\t\t\t\n\t\t\t\t\n\t\t\t\t\t\n\t\t\t\t\n\t\t\t<\/div>\n\n\t\t\t\t\t\t<\/div>\n\t\t\t\t<\/div>\n\t\t\t\t\t<\/div>\n\t\t<\/div>\n\t\t\t\t<div class=\"elementor-column elementor-col-50 elementor-inner-column elementor-element elementor-element-ebd5f30\" data-id=\"ebd5f30\" data-element_type=\"column\" data-e-type=\"column\">\n\t\t\t<div class=\"elementor-widget-wrap elementor-element-populated\">\n\t\t\t\t\t\t<div class=\"elementor-element elementor-element-3ed64f3 elementor-widget elementor-widget-text-editor\" data-id=\"3ed64f3\" data-element_type=\"widget\" data-e-type=\"widget\" data-widget_type=\"text-editor.default\">\n\t\t\t\t<div class=\"elementor-widget-container\">\n\t\t\t\t\t\t\t\t\t<p>&#8220;Dobrodo\u0161li na ATV \u017ddralin &#8211; Va\u0161u avanturu na planini Jastrebac, naj\u0161umovitijoj planini na Balkanu prema Josifu Pan\u010di\u0107u! Otkrijte \u010dari ove prelepe planine koja se prostire iznad drevne srpske prestonice Kru\u0161evca, kroz na\u0161e organizovane i ciljane kvad ture.<\/p><p>Na\u0161a misija je pru\u017eiti vam nezaboravno iskustvo upoznavanja Jastrepca uz pomo\u0107 na\u0161ih iskusnih vodi\u010da. Zaboravite na kratke vo\u017enje od pola sata &#8211; na\u0161e ture su tematski osmi\u0161ljene kako biste u potpunosti u\u017eivali u ovom prelepom delu prirode. Izaberite izme\u0111u na\u0161ih razli\u010ditih tur:<\/p><p>Mala panorama, Pogled, Relax, Gozba u planini, Obla\u010dinsko jezero i Lake Resort od kojih se poslednje tri ture svrstavaju u celodnevne izlete koji traju od 5 do 8 sati u kojima imate mogu\u0107nost da upoznate jastreba\u010dki masiv sa jedne strane na drugu, ili na najvi\u0161i pristupa\u010dni vrh 1481m. u\u017eivaju\u0107i u prelepim pejza\u017eima, vidikovcima, jezerima, kao i u izvrsnim kulinarskim specijalitetima.<\/p><p>Da bismo va\u0161u avanturu u\u010dinili jo\u0161 posebnijom, nudimo vam snimanje vo\u017enje GoPro kamerom, a kao poklon dobijate izeditovan snimak koje \u0107emo vam poslati kao trajnu uspomenu.<\/p>\t\t\t\t\t\t\t\t<\/div>\n\t\t\t\t<\/div>\n\t\t\t\t\t<\/div>\n\t\t<\/div>\n\t\t\t\t\t<\/div>\n\t\t<\/section>\n\t\t\t\t\t<\/div>\n\t\t<\/div>\n\t\t\t\t\t<\/div>\n\t\t<\/section>\n\t\t\t\t<section class=\"elementor-section elementor-top-section elementor-element elementor-element-3f89cb2 elementor-section-full_width elementor-section-height-default elementor-section-height-default\" data-id=\"3f89cb2\" data-element_type=\"section\" data-e-type=\"section\" data-settings=\"{&quot;background_background&quot;:&quot;classic&quot;}\">\n\t\t\t\t\t\t\t<div class=\"elementor-background-overlay\"><\/div>\n\t\t\t\t\t\t\t<div class=\"elementor-container elementor-column-gap-no\">\n\t\t\t\t\t<div class=\"elementor-column elementor-col-100 elementor-top-column elementor-element elementor-element-681545e\" data-id=\"681545e\" data-element_type=\"column\" data-e-type=\"column\" data-settings=\"{&quot;background_background&quot;:&quot;classic&quot;}\">\n\t\t\t<div class=\"elementor-widget-wrap elementor-element-populated\">\n\t\t\t\t\t\t<div class=\"elementor-element elementor-element-65a9272 elementor-absolute elementor-widget elementor-widget-vedhak_elementor_heading\" data-id=\"65a9272\" data-element_type=\"widget\" data-e-type=\"widget\" data-settings=\"{&quot;_position&quot;:&quot;absolute&quot;}\" data-widget_type=\"vedhak_elementor_heading.default\">\n\t\t\t\t<div class=\"elementor-widget-container\">\n\t\t\t\t\t\n\t\t\t<div class=\"ova-heading template1\">\n\n\t\t\t\t\n\t\t\t\t\t<h2 class=\"sub-title\">\n\n\t\t\t\t\t\t\n\t\t\t\t\t\t\n\t\t\t\t\t\tATV \u017ddralin\n\t\t\t\t\t<\/h2>\n\n\t\t\t\t\n\t\t\t\t\n\t\t\t\t\t\n\t\t\t\t\t\t<h3 class=\"title\"><span class=\"title-bold\">Va\u0161 pouzdan vodi\u010d kroz Srpske prirodne lepote i istoriju<\/span><span class=\"title-normal\"><\/span><\/h3>\n\n\t\t\t\t\t\n\n\t\t\t\t\t\t\t\t\t\n\t\t\t\t\n\t\t\t\t\n\t\t\t\t\t\n\t\t\t\t\n\t\t\t<\/div>\n\n\t\t\t\t\t\t<\/div>\n\t\t\t\t<\/div>\n\t\t\t\t\t<\/div>\n\t\t<\/div>\n\t\t\t\t\t<\/div>\n\t\t<\/section>\n\t\t\t\t<section class=\"elementor-section elementor-top-section elementor-element elementor-element-5a3901f elementor-reverse-tablet elementor-reverse-mobile elementor-section-boxed elementor-section-height-default elementor-section-height-default\" data-id=\"5a3901f\" data-element_type=\"section\" data-e-type=\"section\">\n\t\t\t\t\t\t<div class=\"elementor-container elementor-column-gap-default\">\n\t\t\t\t\t<div class=\"elementor-column elementor-col-50 elementor-top-column elementor-element elementor-element-aeb51c1\" data-id=\"aeb51c1\" data-element_type=\"column\" data-e-type=\"column\">\n\t\t\t<div class=\"elementor-widget-wrap elementor-element-populated\">\n\t\t\t\t\t\t<div class=\"elementor-element elementor-element-0b7495c elementor-widget elementor-widget-text-editor\" data-id=\"0b7495c\" data-element_type=\"widget\" data-e-type=\"widget\" data-widget_type=\"text-editor.default\">\n\t\t\t\t<div class=\"elementor-widget-container\">\n\t\t\t\t\t\t\t\t\t<p>Na\u0161a ponuda je idealna za sve &#8211; od porodica koje \u017eele lagano istra\u017eiti prirodu, preko team buildinga za kompanije i avanturisti\u010dkih vo\u017enji, do ljubitelja adrenalina. Na\u0161im dobro osmi\u0161ljenim rutama mo\u017eete da osvojite Jastrebac sa jednog kraja na drugi, ili na sami vrh, u\u017eivaju\u0107i u prelepim pejza\u017eima, vidikovcima, jezerima kao i izvrsnim kulinarskim specijalitetima.<\/p><p>Pratite na\u0161u web stranicu kako biste bili u toku sa najnovijim informacijama i rezervi\u0161ite svoju avanturu sa ATV \u017ddralinom ve\u0107 danas!<\/p>\t\t\t\t\t\t\t\t<\/div>\n\t\t\t\t<\/div>\n\t\t\t\t\t<\/div>\n\t\t<\/div>\n\t\t\t\t<div class=\"elementor-column elementor-col-50 elementor-top-column elementor-element elementor-element-e266463\" data-id=\"e266463\" data-element_type=\"column\" data-e-type=\"column\">\n\t\t\t<div class=\"elementor-widget-wrap elementor-element-populated\">\n\t\t\t\t\t\t<div class=\"elementor-element elementor-element-e927539 elementor-widget elementor-widget-vedhak_elementor_heading\" data-id=\"e927539\" data-element_type=\"widget\" data-e-type=\"widget\" data-widget_type=\"vedhak_elementor_heading.default\">\n\t\t\t\t<div class=\"elementor-widget-container\">\n\t\t\t\t\t\n\t\t\t<div class=\"ova-heading template1\">\n\n\t\t\t\t\n\t\t\t\t\t<h2 class=\"sub-title\">\n\n\t\t\t\t\t\t03\n\t\t\t\t\t\t\t\t\t\t\t\t\t<span class=\"line-decoration\"><\/span>\n\t\t\t\t\t\t\n\t\t\t\t\t\tKontakt\n\t\t\t\t\t<\/h2>\n\n\t\t\t\t\n\t\t\t\t\n\t\t\t\t\t\t\t\t\t\t\n\t\t\t\t\t\t<h3 class=\"title\"><a href=\"https:\/\/zdralinjastrebac.rs\/index.php\/atv-ture\/\" target=\"_self\" ><span class=\"title-bold\">Posetite na\u0161u ponudu\n<\/span><span class=\"title-normal\"><\/span><\/a><\/h3>\n\n\t\t\t\t\t\n\n\t\t\t\t\t\t\t\t\t\n\t\t\t\t\n\t\t\t\t\n\t\t\t\t\t\n\t\t\t\t\n\t\t\t<\/div>\n\n\t\t\t\t\t\t<\/div>\n\t\t\t\t<\/div>\n\t\t\t\t\t<\/div>\n\t\t<\/div>\n\t\t\t\t\t<\/div>\n\t\t<\/section>\n\t\t\t\t<\/div>\n\t\t","protected":false},"excerpt":{"rendered":"<p>01 O Nama ATV \u017ddralin Jastrebac Kvad avanture Stazama istorije &#8220;Dobrodo\u0161li na ATV \u017ddralin &#8211; Va\u0161u avanturu na planini Jastrebac, naj\u0161umovitijoj planini na Balkanu prema Josifu Pan\u010di\u0107u! Otkrijte \u010dari ove prelepe planine koja se prostire iznad drevne srpske prestonice Kru\u0161evca, kroz na\u0161e organizovane i ciljane kvad ture. Na\u0161a misija je pru\u017eiti vam nezaboravno iskustvo upoznavanja [&hellip;]<\/p>\n","protected":false},"author":1,"featured_media":0,"parent":0,"menu_order":0,"comment_status":"closed","ping_status":"closed","template":"elementor_header_footer","meta":{"footnotes":""},"class_list":["post-41","page","type-page","status-publish","hentry"],"_links":{"self":[{"href":"https:\/\/zdralinjastrebac.rs\/index.php\/wp-json\/wp\/v2\/pages\/41","targetHints":{"allow":["GET"]}}],"collection":[{"href":"https:\/\/zdralinjastrebac.rs\/index.php\/wp-json\/wp\/v2\/pages"}],"about":[{"href":"https:\/\/zdralinjastrebac.rs\/index.php\/wp-json\/wp\/v2\/types\/page"}],"author":[{"embeddable":true,"href":"https:\/\/zdralinjastrebac.rs\/index.php\/wp-json\/wp\/v2\/users\/1"}],"replies":[{"embeddable":true,"href":"https:\/\/zdralinjastrebac.rs\/index.php\/wp-json\/wp\/v2\/comments?post=41"}],"version-history":[{"count":63,"href":"https:\/\/zdralinjastrebac.rs\/index.php\/wp-json\/wp\/v2\/pages\/41\/revisions"}],"predecessor-version":[{"id":5058,"href":"https:\/\/zdralinjastrebac.rs\/index.php\/wp-json\/wp\/v2\/pages\/41\/revisions\/5058"}],"wp:attachment":[{"href":"https:\/\/zdralinjastrebac.rs\/index.php\/wp-json\/wp\/v2\/media?parent=41"}],"curies":[{"name":"wp","href":"https:\/\/api.w.org\/{rel}","templated":true}]}}